846. Suppose w = -15 + 43. Calculate the remainder when o is divided by w.
26
Let u = -487 + 522. Let y = -18 + 78. What is the remainder when y is divided by u?
25
Suppose -3*n = -2*g + 1833, -7*n + 5 = -2*n. Suppose 10*z = g + 352. What is the remainder when z is divided by (-3)/(3*5/(-160))?
31
Calculate the remainder when (-1343)/(-8) + ((-18)/(-168))/(168/196) is divided by 30.
18
Suppose -94 = -5*h - b, 4*h + 3*b = 5*h - 6. Suppose -36 = -f + h. What is the remainder when f is divided by 28?
26
Let f = 83 - 27. Let y(w) = 13*w**2 + 35*w + 7. Calculate the remainder when f is divided by y(-3).
18
Let k(s) = s**3 - 4*s**2 - 10*s + 17. Let h(j) = -9*j**2 - 117*j + 40. What is the remainder when k(8) is divided by h(-13)?
33
Suppose 0 = 127*r - 131*r + 2*c + 5420, -r + 1355 = 2*c. Calculate the remainder when r is divided by 16.
11
Let x(z) = -z**3 + 12*z**2 - 8*z - 21. Let a be x(10). Suppose 5 - 3 = -4*m + 3*s, 3*m + 3*s = 9. What is the remainder when ((-2)/(-3))/(22/a) is divided by m?
0
Let d(s) = -s**3 + 11*s**2 + 25*s + 18. Let p be d(13). Suppose -90 = -p*g + 5*b, -3*g = 2*b - 11 - 53. What is the remainder when 91 is divided by g?
11
Let n = 22 - 10. Let w(x) = x**2 - 18*x + 53. Let i be w(15). Calculate the remainder when n is divided by 6 + -4 + -3 + i.
5
Suppose -9*x + 10 = -7*x. Suppose x*b = 2*m - m - 51, -3*m - 4*b = -77. Suppose 2*w - 1 = m. What is the remainder when 79 is divided by w?
15
Suppose 0 = 95*p - 105*p + 300. What is the remainder when 1076 is divided by p?
26
Let n be ((-75)/(-20) + -3)*-4 + 5. Calculate the remainder when (24 - -240) + (-2 - n*-3) is divided by 30.
28
Suppose -5*i - 6*x - 664 = -4*x, -5*i - 668 = 4*x. Let t = -11 - i. Calculate the remainder when t is divided by 31.
28
Let x = -1851 + 2031. What is the remainder when 900 is divided by x?
0
Let s = 1345 - 1304. What is the remainder when 289 is divided by s?
2
Let a(l) = l**2 + 14*l + 3. Let v be a(-14). Suppose -2 = -v*c + 1. Suppose 2*h - 11 = c. Calculate the remainder when 38 is divided by h.
2
Let g be (-1)/((-10)/6) - (-28)/20. Suppose -8 = g*v, -5*r + 4*v = 2*v - 73. What is the remainder when 42 is divided by r?
3
Suppose -7*w = -3*w + 3*j - 24, j - 1 = w. Suppose -w*t + 122 + 8 = n, -288 = -2*n + t. What is the remainder when n is divided by 29?
26
Suppose -82 + 322 = 4*c. Suppose -c = 4*d - 232. Calculate the remainder when 125 is divided by d.
39
Suppose 397 = 24*w - 2723. Calculate the remainder when 1103 is divided by w.
63
Suppose 4*o - 142 = l + 100, l = -2*o + 118. Let x = -55 + o. What is the remainder when 9 is divided by x?
4
Suppose 25*m + 242 = 27*m. Let k = -116 + m. What is the remainder when 23 is divided by k?
3
What is the remainder when 191 is divided by 6/15 + (-5 - (-378)/30)?
7
Let b be (-12)/32 + 5/(-8). What is the remainder when 68 is divided by 1*21/7 + b + 37?
29
Let z = -9077 + 10548. Calculate the remainder when z is divided by 729.
13
What is the remainder when 222 is divided by (-608 - -683) + (-1 - (-1 - -8))?
21
Calculate the remainder when 4689 is divided by 59265/1161 + (-28)/602.
48
Let y(t) be the third derivative of -t**5/30 + 55*t**4/24 - 10*t**3/3 + 2*t**2 - 67*t. Calculate the remainder when y(27) is divided by 6.
1
What is the remainder when -1*(-976 - 14) - 6 is divided by 165?
159
Let x(t) = 446*t + 9999. Calculate the remainder when 5980 is divided by x(-22).
183
Suppose l = -7*k + 12*k + 438, 0 = -3*l - 3*k + 1386. Calculate the remainder when l is divided by 29.
23
Suppose 210*j = -444 + 7794. Calculate the remainder when 955 is divided by j.
10
Let r be ((-6258)/(-66) - -5) + (-2)/(-11). Let p = r + -17. What is the remainder when p is divided by 12?
11
Suppose 11*q + 68*q - 10428 = 0. Suppose -80 = -5*b - w, -45 = -2*b + 3*w + 4. What is the remainder when q is divided by b?
13
What is the remainder when (-16)/(-48)*9 - -657 is divided by 8?
4
Suppose -1596 = 44*m - 38*m. Calculate the remainder when 5/(190/4784) + (-28)/m is divided by 37.
15
Let z = -55 + 198. Let y = 1429 - 1420. What is the remainder when z is divided by y?
8
Let m(k) = 10*k**2 + 379*k - 755. Calculate the remainder when 210 is divided by m(2).
38
Suppose 0 = -6*n + 942 - 870. Calculate the remainder when 131 is divided by n.
11
Suppose -182*x = -95982 - 2480. What is the remainder when x is divided by 266?
9
Let o(p) = -8 - 11*p**2 + 15*p**2 - 5*p + 2*p + 4. Let a be o(-4). Suppose 19*h - a = 13*h. Calculate the remainder when 33 is divided by h.
9
Suppose -23*d - 70184 = -85*d. Calculate the remainder when 1132 is divided by d.
0
Let d(t) = t**3 - 12*t**2 + 10*t + 17. Let w be d(11). Let g(c) = -2*c + 14. Let p be g(w). Calculate the remainder when 47 is divided by (-2)/(p - 16/7 - 0).
5
Suppose 26*j - 6560 = 6*j. Suppose -1994 - j = 18*m. Let c = -126 - m. What is the remainder when 11 is divided by c?
2
Suppose -58*s = -66*s + 984. What is the remainder when 501 is divided by s?
9
What is the remainder when (-240 + 63)*(-20)/6*2/4 is divided by 68?
23
Let v = 86 + -235. Let r = v - -186. What is the remainder when 91 is divided by r?
17
Suppose b + 81 = 2*t, -4*t - 220*b + 218*b = -150. What is the remainder when 662 is divided by t?
38
Let r(u) = -662*u - 360. Calculate the remainder when r(-1) is divided by 123.
56
Suppose 2*f = 188 - 34. Let m = -62 + 72. What is the remainder when f is divided by m?
7
Let r(f) = f**3 + 13*f**2 + 41*f + 119. Calculate the remainder when r(-7) is divided by 4.
2
Let y(w) = 62*w**2 - 68*w - 75. Calculate the remainder when y(11) is divided by 131.
129
Let v(j) = -10*j + 28 + 3*j + 5*j. Let w be v(11). Suppose -3*d + 80 = 4*p, -4*d - 4*p + 136 = -w*p. What is the remainder when d is divided by 5?
2
Suppose -69 - 19 = -11*y. Let d be (-1810)/25 + y/20. Let a = d + 132. What is the remainder when a is divided by 16?
12
Suppose 208*x - 575261 = 36*x - 210277. Calculate the remainder when x is divided by 56.
50
Suppose 0 = 4*p + 15 + 49. Let w = p - -23. Suppose 8*g - w*g = 9. Calculate the remainder when g is divided by 6.
3
Suppose 6810*f = 6802*f + 536. What is the remainder when 7770 is divided by f?
65
Suppose 0 = -2*j + 4, -144 = -q - 12*j + 9*j. What is the remainder when 344 is divided by q?
68
Let x = 7533 + -7305. What is the remainder when x is divided by 11?
8
Let x = -162 + 170. Suppose -3*r = -4*n + 45, x*r - 3*r - 12 = -3*n. Suppose 0 = g + 2, -2*p - 48 = -3*p + 3*g. What is the remainder when p is divided by n?
6
Let d(x) = 37*x**3 + 5*x**2 - 4*x. Let u be d(1). Suppose 12*v - u = -2. What is the remainder when (-2*v - -4)/2 - -23 is divided by 8?
6
Let g = -270 + 328. What is the remainder when (46/10 - 5)/(1/(-570)) is divided by g?
54
Suppose 5*k = x - 6*x - 2040, 0 = -2*x + 5*k - 802. Let n = -379 - x. What is the remainder when n is divided by 7?
6
Let v = 579 + -535. What is the remainder when 218 is divided by (-3 + 0)*(v/33 - 8)?
18
Let u(q) = 3*q**2 + 29*q - 116. Let b(m) = -4*m - 16. What is the remainder when u(6) is divided by b(-11)?
26
Let u = 203 + -186. What is the remainder when 21/7 + u - 2 is divided by 2?
0
Let a be 2/(-8)*(-34 - -34) - -252. What is the remainder when 154 is divided by -9 + a/12 - (0 - 1)?
11
Suppose y - 5*c - 12 = -24, -5*c + 18 = y. Calculate the remainder when (-1)/(-7) - 780/(-28) is divided by y.
1
Let f(w) = -w**3 + 5*w**2 + 5*w + 13. Suppose -83 + 19 = -2*y. Let g be ((-27)/12)/((-12)/y). Calculate the remainder when 22 is divided by f(g).
1
Let m(g) = -g**3 - 25*g**2 - 52*g - 924. What is the remainder when m(-25) is divided by 65?
51
Let k(z) = z**3 + 28*z**2 - 29*z + 40. Calculate the remainder when k(-27) is divided by 771.
10
Calculate the remainder when ((-174)/2)/(14/(2002/(-33))) is divided by 342.
35
Suppose -192465 = -228*n - 101*n. What is the remainder when 1200 is divided by n?
30
Let o = -14551 - -16330. What is the remainder when o is divided by 51?
45
Suppose 0 = -o + 3*r + 174, 4*o + 152*r = 156*r + 720. What is the remainder when o is divided by 63?
57
Suppose g = -2*s + 252, 12*g = 8*g + 8. Calculate the remainder when s is divided by 63.
62
Let k = 3399 + -3311. What is the remainder when 789 is divided by k?
85
Let i(d) = -2*d**2 + 60*d + 174. Calculate the remainder when i(29) is divided by 66.
34
L